) = -f**2 + 6*f + 120. Give l(14).
8
Let d(x) = 6*x**2 + 3*x - 1. Determine d(1).
8
Let m(f) = -f + 9. What is m(-3)?
12
Let b(c) = -c**3 - 4*c**2 - c + 9. Calculate b(-4).
13
Let h(b) = b - 20. Calculate h(10).
-10
Let j(k) = -k**3 + 7*k**2 + 10*k. Give j(9).
-72
Let n(m) = 21*m - 21. Calculate n(-10).
-231
Let d(z) = -30*z - 28. What is d(2)?
-88
Let t(k) = 2*k**2 + 13*k + 22. Determine t(-5).
7
Let v(d) = 2*d**2 - 10*d + 10. What is v(7)?
38
Let r(i) = -33*i - 31. Give r(0).
-31
Let z(y) = -y**3 - 8*y**2 - 9*y - 24. What is z(-7)?
-10
Let s(h) = -3*h - 14. Calculate s(-4).
-2
Let i(d) = -d**3 + d**2 - d + 9. What is i(0)?
9
Let a(h) = 2*h + 73. Determine a(0).
73
Let m(j) = -26*j + 79. Determine m(3).
1
Let l(p) = -p**2 - p - 10. Calculate l(7).
-66
Let f(q) = q**2 - 8*q. Calculate f(6).
-12
Let l(x) = x**2 - 25*x + 29. Give l(24).
5
Let r(t) = -3*t**3 - 11*t**2 + 2. What is r(-5)?
102
Let z(k) = 10*k + 4. Calculate z(4).
44
Let v(y) = y**2 + 9*y - 233. Give v(-21).
19
Let i(b) = b**3 + b**2 + b + 5. Determine i(-2).
-1
Let y(a) = -a + 8. Calculate y(3).
5
Let s(i) = 11*i**2 + 4*i - 7. Calculate s(2).
45
Let f(a) = -2*a**2 + 10*a - 7. Give f(6).
-19
Let a(d) = d**2 + 2. Give a(0).
2
Let c(t) = t**3 - 8*t**2 + 12*t + 8. Give c(5).
-7
Let s(x) = x**3 - 7*x**2 - 7*x - 10. Determine s(8).
-2
Let z(a) = a - 26. Determine z(19).
-7
Let j(t) = 22*t + 3. Calculate j(4).
91
Let a(v) = 44*v - 968. Determine a(22).
0
Let c(n) = n**3 - 13*n**2 + 7*n + 24. Give c(12).
-36
Let y(d) = d**2 - 24*d - 30. Determine y(25).
-5
Let o(h) = 10*h + 85. Determine o(-10).
-15
Let x(g) = -g**3 + 10*g**2 + g + 4. Determine x(10).
14
Let q(g) = -g**3 + 8*g**2 + 19*g - 2. Calculate q(10).
-12
Let c(s) = -3*s + 4. Calculate c(-6).
22
Let x(m) = -29*m - 4. Determine x(-5).
141
Let t(z) = -23*z**2 - 2*z - 1. Determine t(-1).
-22
Let c(i) = -7*i + 121. Determine c(13).
30
Let j(y) = y**3 - 3*y**2 - 19*y + 60. What is j(4)?
0
Let t(p) = -10*p + 10. Determine t(5).
-40
Let k(s) = -3*s - 17. Determine k(-12).
19
Let p(y) = -y**2 - 12*y + 72. Calculate p(4).
8
Let r(s) = -6*s - 8. Calculate r(5).
-38
Let i(o) = o**3 + 10*o**2 - 59*o - 34. Give i(-14).
8
Let c(i) = -i**2 - 4*i + 6. Give c(-6).
-6
Let m(g) = -g**3 + 6*g**2 - 2*g - 3. What is m(5)?
12
Let u(r) = 3*r + 2. Calculate u(16).
50
Let u(h) = -12*h - 40. Determine u(-5).
20
Let j(g) = 6*g**2 + 2. What is j(-1)?
8
Let q(z) = 2*z**3 - 2*z**2 + 4*z - 7. Give q(2).
9
Let n(t) = -4*t**3 - 2*t**2 + t - 4. What is n(-3)?
83
Let m(g) = -g**3 + 5*g**2 - 5*g + 5. What is m(5)?
-20
Let r(j) = j**3 - 5*j**2 - 3*j - 15. Determine r(6).
3
Let p(m) = 2*m**2 + 21*m - 34. Give p(-12).
2
Let l(r) = -r + 69. What is l(0)?
69
Let i(z) = z**2 + 14*z + 55. What is i(-7)?
6
Let f(g) = -3*g**3 + 4*g**2 + 2*g - 2. What is f(2)?
-6
Let j(o) = o - 9. Determine j(4).
-5
Let h(f) = -f**3 + 9*f**2 - 11*f + 9. Determine h(8).
-15
Let o(u) = u**3 + 6*u**2 - 9*u - 3. Determine o(-7).
11
Let u(q) = 2*q - 34. Determine u(14).
-6
Let c(i) = 5*i + 10. Determine c(-6).
-20
Let l(f) = -f**3 + f**2 - f + 4. What is l(2)?
-2
Let x(j) = j**2 - 3*j + 2. What is x(3)?
2
Let o(u) = -u**2 + 28*u + 15. Determine o(28).
15
Let d(c) = -42*c - 46. Determine d(-1).
-4
Let l(y) = y**3 - 7*y**2 - y - 3. Give l(6).
-45
Let o(i) = 2*i**2 + i - 18. Calculate o(0).
-18
Let n(t) = t**2 - 21*t - 943. Determine n(-22).
3
Let w(m) = -53*m - 693. Calculate w(-13).
-4
Let f(l) = l**3 + l**2 + 4*l + 3. Calculate f(-4).
-61
Let i(x) = x**3 + 15*x**2 + 12*x + 3. Determine i(-14).
31
Let m(q) = 4*q + 24. Determine m(-6).
0
Let s(c) = -c**2 + 18*c + 17. Calculate s(19).
-2
Let x(b) = b**3 - 7*b**2 - 18*b + 4. What is x(9)?
4
Let q(b) = b**2 + b + 4. Determine q(3).
16
Let f(z) = z**3 - 23*z**2 + 22*z - 18. Calculate f(22).
-18
Let o(q) = -3*q**2 - 31*q - 13. Give o(-10).
-3
Let f(q) = -41*q - 43. Give f(-4).
121
Let l(q) = -q**3 - q**2 + 5*q + 7. What is l(-3)?
10
Let j(m) = -2*m**2 - 17*m - 1. Give j(-8).
7
Let g(y) = 9*y**2 + 53*y - 13. Calculate g(-6).
-7
Let t(b) = 4*b - 5. Give t(-3).
-17
Let a(w) = w**2 + 30*w + 146. What is a(-24)?
2
Let n(f) = 3*f**3 - 4*f**2 + 5*f - 4. Calculate n(2).
14
Let f(w) = 3*w**2 - 2*w - 2. What is f(-1)?
3
Let t(s) = s**3 + 7*s**2 - 22*s - 22. Determine t(-9).
14
Let n(t) = 5*t + 23. Give n(-5).
-2
Let h(v) = 2*v**2 - 9*v - 54. Determine h(8).
2
Let n(k) = -k**2 + 10*k - 9. Give n(9).
0
Let f(v) = -v**3 + 11*v**2 + 26*v + 19. Determine f(13).
19
Let y(g) = g**2 + 18*g - 11. Calculate y(-17).
-28
Let j(w) = w**3 - 45*w**2 - 38*w - 361. Give j(46).
7
Let g(z) = -z**2 + 37*z - 246. Give g(28).
6
Let l(p) = 3*p + 1. Determine l(3).
10
Let q(b) = -49*b + 309. Determine q(6).
15
Let x(i) = i**3 - 10*i**2 + 12*i - 11. What is x(6)?
-83
Let z(q) = -40*q - 37. Determine z(-1).
3
Let r(l) = 8*l - 8. Calculate r(-6).
-56
Let v(t) = 10*t**3 - 2*t**2 - 2*t - 1. Determine v(-1).
-11
Let w(a) = a**3 + 6*a**2 + 3*a + 6. Give w(-6).
-12
Let h(m) = m**2 - 64. Calculate h(8).
0
Let o(v) = 12*v - 149. Determine o(12).
-5
Let g(d) = -52*d**3 - 3*d - 2. Give g(-1).
53
Let v(r) = -r**2 - 3*r + 9. What is v(3)?
-9
Let r(q) = -q**3 - 4*q**2 + 5. What is r(-4)?
5
Let l(z) = z**3 - 8*z**2 + 7*z + 6. Determine l(7).
6
Let d(v) = v**3 - 10*v**2 + 8*v - 3. What is d(9)?
-12
Let l(f) = -f**3 + 3*f**2 + 5*f + 5. Give l(5).
-20
Let f(n) = -n**3 - 10*n**2 + 27*n - 22. Calculate f(-12).
-58
Let j(b) = -3*b**3 - 2*b**2 - b + 1. What is j(2)?
-33
Let w(r) = 18*r - 49. What is w(4)?
23
Let t(o) = o + 17. Give t(-12).
5
Let t(p) = p + 85. Calculate t(-14).
71
Let r(g) = 2*g + 2. Determine r(8).
18
Let b(v) = -v**2 + 6*v + 76. Calculate b(-6).
4
Let w(u) = -5*u + 46. Calculate w(12).
-14
Let u(m) = -m**2 + 15*m - 49. Give u(10).
1
Let i(b) = -b**2 - 21*b + 108. Calculate i(4).
8
Let y(v) = -2*v**3 + 28*v**2 + v - 7. Give y(14).
7
Let y(x) = x**3 - 66*x**2 + 63*x + 122. Give y(65).
-8
Let k(t) = -2*t**2 + 37*t - 29. Calculate k(18).
-11
Let f(w) = w**3 - w + 11. Determine f(0).
11
Let v(h) = -h**3 + 5*h**2 + 3. What is v(5)?
3
Let x(q) = q**2 - 8*q - 14. Calculate x(6).
-26
Let m(u) = -u. Calculate m(7).
-7
Let a(x) = -74*x - 222. Calculate a(-3).
0
Let b(i) = -3*i**2 + 5*i + 8. What is b(-5)?
-92
Let m(a) = -2*a**2 - 18*a + 3. Calculate m(-9).
3
Let s(d) = 116*d - 1625. Determine s(14).
-1
Let a(q) = q**2 - 4*q - 4. What is a(4)?
-4
Let m(b) = -b**3 + 5*b**2 + 6*b - 2. Give m(6).
-2
Let w(r) = -r**3 - r**2 + 20. Determine w(0).
20
Let u(s) = -121*s - 603. What is u(-5)?
2
Let r(w) = -74*w**2 + 3*w + 1. Give r(-1).
-76
Let w(z) = z**2 + 10*z + 13. Calculate w(-11).
24
Let d(x) = x**2 - 11*x - 150. Calculate d(-8).
2
Let j(f) = -f**3 - f + 2. Calculate j(1).
0
Let g(x) = x**3 + 11*x**2 + 11*x - 64. Determine g(-9).
-1
Let y(h) = -h**3 + 13*h**2 - 14*h - 23. Calculate y(12).
-47
Let g(n) = 3*n - 38. Give g(27).
43
Let x(f) = -27*f**2 + f + 3. What is x(2)?
-103
Let m(u) = u**2 + 15*u - 123. What is m(-21)?
3
Let z(j) = j**3 - 9*j**2 + 6*j + 8. Calculate z(8).
-8
Let p(t) = 4*t**2 + t + 3. Calculate p(4).
71
Let c(q) = -7*q**2 - 5*q - 4. Give c(-1).
-6
Let c(t) = -12*t + 9. Determine c(1).
-3
Let s(o) = -o**2 - 9*o + 10. What is s(-8)?
18
Let t(h) = -5*h + 13. Give t(6).
-17
Let m(g) = -g**3 - 14*g**2 - 25*g + 17. Calculate m(-11).
-71
Let i(p) = -p**3 - 7*p**2 - 8*p + 4. Calculate i(-4).
-12
Let q(f) = -f**3 - 10*f**2 - f - 16. Determine q(-7).
-156
Let b(o) = -2*o**2 - 19*o + 24. Determine b(-13).
-67
Let h(w) = 4*w**2 - 2*w - 2. Give h(-7).
208
Let g(r) = r**3 + 8*r**2 + 9*r. Determine g(-6).
18
Let a(k) = -k**2 + 16. Determine a(-4).
0
Let j(d) = -d**2 - 5*d + 22. Calculate j(-11).
-44
Let n(q) = -19*q**3 + 8*q**2 - 12*q + 3. What is n(1)?
-20
Let l(c) = -c**2 - 3*c + 6. What is l(-4)?
2
Let v(x) = 8*x + 85. Calculate v(-7).
29
Let a(i) = -7*i + 35. Determine a(7).
-14
Let p(l) = -l**2 + l + 5. Give p(0).
5
Let x(s) = -s**3 + 18*s**2 - 33*s + 6. What is x(16)?
-10
Let u(g) = -5*g**2 + g + 8. Give u(3).
-34
Let m(r) = -r**2 - 15*r + 11. Calculate m(-12).
47
Let k(t) = 2*t**3 - 7*t**2 + 6*t. What is k(3)?
9
Let q(g) = -5*g + 66. Calculate q(12).
6
Let m(f) = f**3 + 14*f**2 + 2*f + 11. What is m(-14)?
-17
Let v(r) = 2*r**3 - 15*r**2 + 8*r + 66. Give v(6).
6
Let u(j) = 2*j**2 + 3*j - 2. Dete